emainder when x is divided by (0 - -2)*11 - 2.
18
Let o(b) = 21*b**2 - 1. What is the remainder when 96 is divided by o(1)?
16
Suppose -c = -1 - 11. Calculate the remainder when 22 is divided by c.
10
Suppose -5*d = -2*h - 6*d + 98, 0 = -5*h - 5*d + 240. What is the remainder when h is divided by 27?
23
Let n(l) = -l**3 + 7*l**2 + 5*l + 15. Calculate the remainder when n(7) is divided by 17.
16
Let t = 31 + -22. Calculate the remainder when 35 is divided by t.
8
What is the remainder when 3 + ((-3 - 1)/4 - -123) is divided by 18?
17
Calculate the remainder when 1/(-6) - 1164/(-72) is divided by 9.
7
Suppose 3*u - 3*c = 138, -2*u - 3*c = u - 108. Suppose -w + u = -3*r - r, -3*w + 72 = 5*r. What is the remainder when w is divided by 16?
13
Let v(z) = -z**3 - 4*z**2 + 3*z - 6. Let k be v(-5). Suppose 0 = -k*f + 5 - 1. Calculate the remainder when 0 - (-2 - (0 - 0)) is divided by f.
0
What is the remainder when 50 is divided by (-4 - 45/(-10)) + (-66)/(-4)?
16
Let q(k) = 14*k - 8. Let m(r) = r - 1. Let f(l) = -20*m(l) + 2*q(l). Calculate the remainder when f(3) is divided by 10.
8
Let i = -5 + 8. Suppose 0*p = 2*p - 56. What is the remainder when p is divided by (i + -13)*(-2 - -1)?
8
Suppose -9*z - 97 = -745. Calculate the remainder when z is divided by 15.
12
Suppose -3*f = -5*f + 18. Let w be (-6)/(-4) + 161/14. Suppose -11*g - 10 = -w*g. Calculate the remainder when f is divided by g.
4
Let j = 0 + -3. Let f(b) = b**3 + 4*b**2 + 3. Suppose 0 = -4*i + 102 + 78. Calculate the remainder when i is divided by f(j).
9
Let l be -10 + 1 - (1 - 2). Let s(q) = q**2 + 11*q + 4. Let r be s(-11). What is the remainder when r/l + 22/4 is divided by 3?
2
Let g(t) = -5*t**3 - 2*t**2 - 2*t - 1. What is the remainder when 5 is divided by g(-1)?
1
Let h = -64 + 31. Calculate the remainder when 49 is divided by (-423)/h + 8/44.
10
Let m(k) = -4 + k + 4 + 4 + 6. Let v be m(-9). What is the remainder when 9/v*(-40)/(-24) is divided by 8?
7
Let m(w) = 2*w**3 - w**2 - 2*w - 1. Let i(u) = -u**2 - 11*u + 2. Let d be i(-11). What is the remainder when m(d) is divided by 2?
1
Suppose 24 = 3*y + 6. Calculate the remainder when 9 is divided by y.
3
Suppose 0 = 4*f - 40 - 180. What is the remainder when f is divided by 20?
15
Calculate the remainder when 43 is divided by 76/(-6)*9/(-6).
5
Suppose 22 = d - s, -1 = -3*d - s + 45. Calculate the remainder when 65 is divided by d.
14
Suppose -8*g = -4*g - 200. What is the remainder when g is divided by (-1 - 57/(-6))*2?
16
Let k(r) = r - 2 - 3 + 3. Let q = 2 + -1. Calculate the remainder when q is divided by k(3).
0
Let f be 3*(0 + (-2)/(-3)). Suppose 0*o = 3*m - f*o - 18, 2*o - 14 = -5*m. Suppose 0 = z, m = 4*x + 2*z - 32. Calculate the remainder when 25 is divided by x.
7
Suppose 0 = -4*u + 56 + 28. What is the remainder when 41 is divided by u?
20
Let s(t) be the first derivative of -t**4/4 - 10*t**3/3 - 6*t**2 - 12*t - 2. What is the remainder when 43 is divided by s(-9)?
13
Suppose 0 = -2*q + 2*j + 40, -3*q - 4*j - 15 + 68 = 0. Let f = -11 + q. What is the remainder when 14 is divided by f?
6
Let j(t) = -15*t - 3. Let a be j(-2). Suppose d = -2, 3*d - 111 = -4*b + a. Let n = -20 + b. Calculate the remainder when 30 is divided by n.
14
Let g be 2/(-9) + (-2)/(-9). Suppose -5*r + 65 - 20 = g. What is the remainder when 15 is divided by r?
6
Let i be (-2)/(4/(-78)) + 2. Let u = 58 - i. What is the remainder when 32 is divided by u?
15
Let a = -6 - -28. What is the remainder when 86 is divided by a?
20
Let f(q) = -24*q + 2. Calculate the remainder when 50 is divided by f(-1).
24
Let c = 112 + -52. Let l(r) = -2*r**2. Let d be l(2). Let i(g) = -5*g - 19. What is the remainder when c is divided by i(d)?
18
Let x(o) = 6*o**3 - 2*o + 1. Let f be x(1). Suppose 0 = 4*g + f - 37. What is the remainder when 31 is divided by g?
7
Let l = -54 - -75. Calculate the remainder when 61 is divided by l.
19
Let n = -39 + 62. What is the remainder when n is divided by 6?
5
Let u(o) = o**2 - 8*o + 7. Let l = -6 + 16. What is the remainder when u(9) is divided by l?
6
Let m(o) be the third derivative of -o**4/12 + 5*o**3/6 + 4*o**2. What is the remainder when 23 is divided by m(-4)?
10
Suppose -2 = p - 14. Let a(w) = w**2 - 3*w - 3. Let y be a(3). Let f = p + y. Calculate the remainder when 25 is divided by f.
7
What is the remainder when 26 is divided by (16 - 0) + (-7 - -5)?
12
Let a be (16/3 + -2)*-3. Let m = 35 + a. What is the remainder when 73 is divided by m?
23
Let b = -152 - -155. Calculate the remainder when 11 is divided by b.
2
Suppose -5*k + 30 = 5*z, 5*z - 5*k - 49 = 31. Suppose -5*p + 0*p + 5*r = -50, 2*p - 32 = 5*r. What is the remainder when z is divided by p?
5
Let l(x) be the third derivative of -x**6/120 + 11*x**5/60 - x**4/3 - 4*x**3/3 + x**2. What is the remainder when l(10) is divided by 5?
2
Let t(k) = k**2 - 3*k - 1. What is the remainder when 31 is divided by t(6)?
14
Suppose 5*h - 183 = 3*q, 2*q + 66 = 2*h - q. Suppose -55 = -2*r + 5*f, -2*f - 65 = -4*r - 7*f. Calculate the remainder when h is divided by r.
19
Suppose r - 19 = -2*s, -s - s - 19 = -r. Calculate the remainder when 36 is divided by r.
17
Suppose 4*d = 1 + 7. Let w be (-3)/d*(-4)/3. What is the remainder when 3 - w - -11*2 is divided by 12?
11
Let m(h) = h**3 - 5*h**2 + 4. Let o be m(5). Suppose o + 2 = 2*t. What is the remainder when 12/18 + 61/t is divided by 11?
10
Let g = 8 - 6. Suppose 0 = -o + a + 11, 3*a + g*a - 29 = -2*o. Calculate the remainder when 46 is divided by o.
10
Suppose 0*s - 5*s = -2*v - 251, 5*s = 3*v + 254. What is the remainder when s is divided by 13?
10
Let k(r) = -r. Let t be k(-3). Calculate the remainder when 5*9*t/15 is divided by 5.
4
Suppose 5*k + 11 = 106. Suppose -3*q - 2*l = -k, 2*q - l + 5 = 3*q. Calculate the remainder when 15 is divided by q.
6
Suppose 21 = 3*k - 18. Suppose 4*z - k = 59. What is the remainder when 53 is divided by z?
17
Let b(k) = 5*k - 1. Let p be b(1). Suppose 3*y = -h + 23, -p*y - 13 = -h - 5*y. What is the remainder when 23 is divided by h?
7
Suppose 0*s + 60 = 5*s. Calculate the remainder when 45 is divided by s.
9
Let m(h) = -17*h + 12. Let s(i) = i**3 + 3*i**2 - 3*i + 4. Calculate the remainder when m(-3) is divided by s(-3).
11
Let h = 33 - 10. Let j(p) = 45*p**3 - p**2 - p + 1. Calculate the remainder when j(1) is divided by h.
21
Suppose -5*p + 76 = 4*o, -4*p - 3*o - 2*o = -59. Let i = -22 + 6. Calculate the remainder when p is divided by ((-6)/4)/(4/i).
4
What is the remainder when 20 is divided by 85/15 + 2/6?
2
Let y(d) = -d**2 - 6*d - 14. Let a be y(-4). Let c(r) = 2*r**2 - 5*r + 5. Let v be c(4). Let t = a + v. What is the remainder when 20 is divided by t?
9
Let u(m) = -11*m + 1. Suppose 13 = 4*b - 2*f - 3*f, -4*f = 4*b - 4. Let h be u(b). Let t = h - -35. What is the remainder when 40 is divided by t?
12
Suppose 3*f + 4 = 4*f. Let r = f - -6. Calculate the remainder when 39 is divided by r.
9
Suppose -4*d + 3 = -9. Suppose 0 + 7 = w. Calculate the remainder when w is divided by d.
1
What is the remainder when 67 is divided by (6/3)/((-4)/(-28))?
11
Let z = 18 - 4. Calculate the remainder when 25 is divided by z.
11
What is the remainder when 285/(10/2) - 4 is divided by 11?
9
Suppose c + 1 - 4 = 0. Suppose 2*l - 2*z - 10 = 4, -9 = -c*z. What is the remainder when l is divided by (2/(-4))/((-4)/48)?
4
Let f = -2 + 12. Let y(v) = 4*v - 4. Let g be y(6). Let z = -14 + g. What is the remainder when f is divided by z?
4
Suppose -19 = -3*h - a, -2*h + 5 = -h - a. Suppose 3*m = -n + 16, 2*n - 20 = -3*m + 3*n. What is the remainder when (-4)/(-12) + 124/h is divided by m?
3
Suppose 49 = 2*c - 4*v + 7, c + 5*v + 14 = 0. Calculate the remainder when 74 is divided by c.
8
Let x = 105 - 58. What is the remainder when x is divided by 16?
15
Let h be 2*(-10)/(-2 + 0). Suppose 3*m = 5 - 20. Let r = m + h. Calculate the remainder when 13 is divided by r.
3
Let v(u) = -u**3 - 2*u**2 - 2*u. What is the remainder when 42 is divided by v(-3)?
12
Suppose 5*x = -2*c + 145, 2*c = -3*x + 56 + 35. Suppose 0*w = 3*w + 3*k - 30, 3*w + 4*k = x. Calculate the remainder when 50 is divided by w.
11
Suppose -3*g - 6 = -6*g. Let o be -1*g*(-4 - -5). Let l(f) = -f**3 - 2*f**2 - 3*f. Calculate the remainder when 17 i